{"id":7878,"date":"2026-09-02T11:21:29","date_gmt":"2026-09-02T09:21:29","guid":{"rendered":"https:\/\/saviastudio.com\/?page_id=7878"},"modified":"2026-09-02T11:21:30","modified_gmt":"2026-09-02T09:21:30","slug":"sobre-nosotras","status":"publish","type":"page","link":"https:\/\/saviastudio.com\/?page_id=7878","title":{"rendered":"Sobre nosotras"},"content":{"rendered":"\n<div class=\"wp-block-columns is-layout-flex wp-container-core-columns-is-layout-0e47273b wp-block-columns-is-layout-flex\">\n<div class=\"wp-block-column is-layout-flow wp-block-column-is-layout-flow\">\n<figure class=\"wp-block-image size-full is-resized\"><img fetchpriority=\"high\" decoding=\"async\" width=\"1280\" height=\"1920\" src=\"https:\/\/saviastudio.com\/wp-content\/uploads\/2025\/06\/savia-studio-architects-barcelona-portrait-mediterranean-architecture.jpg\" alt=\"Portrait of Savia Studio architects in Barcelona, designing contextual housing for expats and local communities\" class=\"wp-image-7028\" style=\"width:552px;height:auto\" srcset=\"https:\/\/saviastudio.com\/wp-content\/uploads\/2025\/06\/savia-studio-architects-barcelona-portrait-mediterranean-architecture.jpg 1280w, https:\/\/saviastudio.com\/wp-content\/uploads\/2025\/06\/savia-studio-architects-barcelona-portrait-mediterranean-architecture-200x300.jpg 200w, https:\/\/saviastudio.com\/wp-content\/uploads\/2025\/06\/savia-studio-architects-barcelona-portrait-mediterranean-architecture-683x1024.jpg 683w, https:\/\/saviastudio.com\/wp-content\/uploads\/2025\/06\/savia-studio-architects-barcelona-portrait-mediterranean-architecture-8x12.jpg 8w\" sizes=\"(max-width: 1280px) 100vw, 1280px\" \/><\/figure>\n<\/div>\n\n\n\n<div class=\"wp-block-column is-layout-flow wp-block-column-is-layout-flow\">\n<h2 class=\"wp-block-heading\">Ra\u00edces s\u00f3lidas, tranquilidad.<\/h2>\n\n\n\n<p class=\"wp-block-paragraph\">Mudarse a un nuevo pa\u00eds es mucho m\u00e1s que cambiar de direcci\u00f3n: es dar un salto hacia lo desconocido. En SAVIA somos arquitectas de espacios, pero tambi\u00e9n de nuevos comienzos. Te acompa\u00f1amos desde el principio: a encontrar el lugar adecuado, desenvolverte en los sistemas locales y crear un hogar o un negocio que sientas realmente tuyo. Nosotras tambi\u00e9n hicimos de Barcelona nuestro hogar; conocemos el camino y hemos creado un estudio que acompa\u00f1a el tuyo con cercan\u00eda, claridad y creatividad. Porque echar ra\u00edces no consiste solo en construir edificios, sino en encontrar tu lugar.<\/p>\n<\/div>\n<\/div>\n\n\n\n<div style=\"height:38px\" aria-hidden=\"true\" class=\"wp-block-spacer\"><\/div>\n\n\n\n<div class=\"wp-block-group has-global-padding is-layout-constrained wp-block-group-is-layout-constrained\">\n<div class=\"wp-block-group has-global-padding is-layout-constrained wp-block-group-is-layout-constrained\">\n<h2 class=\"wp-block-heading\">En SAVIA te ayudamos a echar ra\u00edces<\/h2>\n\n\n\n<div class=\"wp-block-columns is-layout-flex wp-container-core-columns-is-layout-0e47273b wp-block-columns-is-layout-flex\">\n<div class=\"wp-block-column is-vertically-aligned-stretch is-layout-flow wp-block-column-is-layout-flow\">\n<h4 class=\"wp-block-heading\"><strong>Nosotras tambi\u00e9n hemos hecho de Barcelona nuestro hogar.<\/strong><\/h4>\n\n\n\n<p class=\"wp-block-paragraph\">No somos solo arquitectas. Somos extranjeras que hemos hecho de Catalunya nuestro hogar y hemos ayudado a muchas otras personas a hacer lo mismo. Con a\u00f1os de experiencia internacional y una historia que se parece a la tuya, conocemos el terreno y hablamos tu idioma.<\/p>\n<\/div>\n\n\n\n<div class=\"wp-block-column is-vertically-aligned-stretch is-layout-flow wp-block-column-is-layout-flow\">\n<h4 class=\"wp-block-heading\"><strong>Arraigadas al lugar. Conectadas con <\/strong> <strong>las  personas.<\/strong><\/h4>\n\n\n\n<p class=\"wp-block-paragraph\">Hemos creado una red de confianza de profesionales locales \u2014desde abogados y agentes inmobiliarios hasta artesanos y asesores\u2014 para que no tengas que desenvolverte por tu cuenta. Te conectamos con las personas adecuadas, en el momento adecuado, para todo lo que necesites.<\/p>\n<\/div>\n\n\n\n<div class=\"wp-block-column is-vertically-aligned-stretch is-layout-flow wp-block-column-is-layout-flow\">\n<h4 class=\"wp-block-heading\">Una arquitecta que habla tu idioma.<\/h4>\n\n\n\n<p class=\"wp-block-paragraph\">Con SAVIA no solo contratas a una arquitecta; ganas una compa\u00f1era que entiende, escucha y te acompa\u00f1a en cada paso del camino. Una persona que habla tu idioma, tanto literal como metaf\u00f3ricamente. Como una amiga, pero con a\u00f1os de experiencia en arquitectura.<\/p>\n<\/div>\n<\/div>\n<\/div>\n<\/div>\n\n\n\n<div class=\"wp-block-group has-global-padding is-layout-constrained wp-block-group-is-layout-constrained\">\n<div class=\"wp-block-group has-global-padding is-layout-constrained wp-block-group-is-layout-constrained\">\n<div style=\"height:33px\" aria-hidden=\"true\" class=\"wp-block-spacer\"><\/div>\n\n\n\n<h2 class=\"wp-block-heading\">Esencia<\/h2>\n\n\n\n<h4 class=\"wp-block-heading\"><strong>Naturaleza local, cultura local.<\/strong><\/h4>\n\n\n\n<p class=\"wp-block-paragraph\">For us, architecture means respecting what came before and building for what comes next. We believe in sustainability, thoughtful design, and creating spaces that are not only beautiful\u2014but in harmony with the environment and local culture.<\/p>\n\n\n\n<div style=\"height:33px\" aria-hidden=\"true\" class=\"wp-block-spacer\"><\/div>\n\n\n\n<div class=\"wp-block-group has-global-padding is-layout-constrained wp-block-group-is-layout-constrained\">\n<div class=\"wp-block-group has-global-padding is-layout-constrained wp-block-group-is-layout-constrained\">\n<h2 class=\"wp-block-heading\">Qui\u00e9nes somos<\/h2>\n\n\n\n<div class=\"wp-block-columns is-layout-flex wp-container-core-columns-is-layout-0e47273b wp-block-columns-is-layout-flex\">\n<div class=\"wp-block-column is-layout-flow wp-block-column-is-layout-flow\">\n<div class=\"wp-block-media-text has-media-on-the-right is-stacked-on-mobile is-vertically-aligned-bottom\"><div class=\"wp-block-media-text__content\">\n<p class=\"has-text-align-right wp-block-paragraph\"><strong>Sara Calvo de Castro<\/strong><\/p>\n\n\n\n<p class=\"has-text-align-right wp-block-paragraph\">Graduada por la Escuela T\u00e9cnica Superior de Arquitectura de Valladolid, cuenta con m\u00e1s de 12 a\u00f1os de experiencia. Como responsable de equipo, ha liderado el dise\u00f1o y desarrollo de proyectos de arquitectura de diferentes escalas, desde viviendas hasta edificios de oficinas y otras tipolog\u00edas.<\/p>\n<\/div><figure class=\"wp-block-media-text__media\"><img decoding=\"async\" width=\"683\" height=\"1024\" src=\"https:\/\/saviastudio.com\/wp-content\/uploads\/2025\/06\/savia-studio-architect-barcelona-sara-calvo-683x1024.jpg\" alt=\"Portrait of Savia Studio architects in Barcelona, designing houses and business for expats and local communities, english-speaking, renovation, interior architect, building permit\" class=\"wp-image-7027 size-full\" srcset=\"https:\/\/saviastudio.com\/wp-content\/uploads\/2025\/06\/savia-studio-architect-barcelona-sara-calvo-683x1024.jpg 683w, https:\/\/saviastudio.com\/wp-content\/uploads\/2025\/06\/savia-studio-architect-barcelona-sara-calvo-200x300.jpg 200w, https:\/\/saviastudio.com\/wp-content\/uploads\/2025\/06\/savia-studio-architect-barcelona-sara-calvo-8x12.jpg 8w, https:\/\/saviastudio.com\/wp-content\/uploads\/2025\/06\/savia-studio-architect-barcelona-sara-calvo.jpg 1128w\" sizes=\"(max-width: 683px) 100vw, 683px\" \/><\/figure><\/div>\n<\/div>\n\n\n\n<div class=\"wp-block-column is-layout-flow wp-block-column-is-layout-flow\">\n<div class=\"wp-block-media-text is-stacked-on-mobile is-vertically-aligned-bottom\"><figure class=\"wp-block-media-text__media\"><img decoding=\"async\" width=\"683\" height=\"1024\" src=\"https:\/\/saviastudio.com\/wp-content\/uploads\/2025\/06\/savia-studio-architect-barcelona-gaia-barbieri-683x1024.jpg\" alt=\"Portrait of Savia Studio architects in Barcelona, designing houses and business for expats and local communities, english-speaking, renovation, interior architect, building permit\" class=\"wp-image-7026 size-full\" srcset=\"https:\/\/saviastudio.com\/wp-content\/uploads\/2025\/06\/savia-studio-architect-barcelona-gaia-barbieri-683x1024.jpg 683w, https:\/\/saviastudio.com\/wp-content\/uploads\/2025\/06\/savia-studio-architect-barcelona-gaia-barbieri-200x300.jpg 200w, https:\/\/saviastudio.com\/wp-content\/uploads\/2025\/06\/savia-studio-architect-barcelona-gaia-barbieri-8x12.jpg 8w, https:\/\/saviastudio.com\/wp-content\/uploads\/2025\/06\/savia-studio-architect-barcelona-gaia-barbieri.jpg 1280w\" sizes=\"(max-width: 683px) 100vw, 683px\" \/><\/figure><div class=\"wp-block-media-text__content\">\n<p class=\"wp-block-paragraph\"><strong>Gaia Barbieri<\/strong><\/p>\n\n\n\n<p class=\"wp-block-paragraph\">Graduada por la Universit\u00e0 degli Studi di Ferrara, combina una d\u00e9cada de experiencia en arquitectura con un posgrado en Rehabilitaci\u00f3n de Edificios por el Col\u00b7legi d\u2019Arquitectes de Catalunya. Apasionada por el interiorismo, aporta una especial sensibilidad hacia los materiales, el color y las texturas, transformando espacios neutros en lugares donde realmente apetece estar.<\/p>\n<\/div><\/div>\n<\/div>\n<\/div>\n\n\n\n<div class=\"wp-block-group has-global-padding is-layout-constrained wp-block-group-is-layout-constrained\">\n<div class=\"wp-block-columns is-layout-flex wp-container-core-columns-is-layout-0e47273b wp-block-columns-is-layout-flex\">\n<div class=\"wp-block-column is-layout-flow wp-block-column-is-layout-flow\"><\/div>\n\n\n\n<div class=\"wp-block-column is-layout-flow wp-block-column-is-layout-flow\"><\/div>\n<\/div>\n<\/div>\n<\/div>\n<\/div>\n\n\n\n<div style=\"height:30px\" aria-hidden=\"true\" class=\"wp-block-spacer\"><\/div>\n\n\n\n<h2 class=\"wp-block-heading has-text-align-center\">Hemos estado en tu lugar.<\/h2>\n<\/div>\n\n\n\n<p class=\"has-text-align-center wp-block-paragraph\">Entendemos realmente lo que supone no solo dise\u00f1ar un espacio bonito, sino recorrer todo el proceso de establecerse en un nuevo lugar. Por eso te acompa\u00f1amos desde el primer d\u00eda, ayud\u00e1ndote a encontrar la propiedad adecuada, gestionar la burocracia y superar cada uno de los retos que implica hacer de Barcelona tu hogar o tu lugar de trabajo.<\/p>\n\n\n\n<div style=\"height:30px\" aria-hidden=\"true\" class=\"wp-block-spacer\"><\/div>\n\n\n\n<h3 class=\"wp-block-heading has-text-align-center\">Est\u00e1s empezando un proyecto?<\/h3>\n\n\n\n<div class=\"wp-block-buttons is-content-justification-center is-layout-flex wp-container-core-buttons-is-layout-d61d70aa wp-block-buttons-is-layout-flex\">\n<div class=\"wp-block-button is-style-outline is-style-outline--1\"><a class=\"wp-block-button__link wp-element-button\" href=\"https:\/\/saviastudio.com\/?page_id=7866\">VAMOS A CONOCERNOS<\/a><\/div>\n<\/div>\n\n\n\n<p class=\"wp-block-paragraph\"><\/p>\n<\/div>\n\n\n\n<p class=\"wp-block-paragraph\"><\/p>\n","protected":false},"excerpt":{"rendered":"<p>Ra\u00edces s\u00f3lidas, tranquilidad. Mudarse a un nuevo pa\u00eds es mucho m\u00e1s que cambiar de direcci\u00f3n: es dar un salto hacia lo desconocido. En SAVIA somos arquitectas de espacios, pero tambi\u00e9n de nuevos comienzos. Te acompa\u00f1amos desde el principio: a encontrar el lugar adecuado, desenvolverte en los sistemas locales y crear un hogar o un negocio &hellip; <\/p>\n<p class=\"link-more\"><a href=\"https:\/\/saviastudio.com\/?page_id=7878\" class=\"more-link\">Read more<span class=\"screen-reader-text\"> &#8220;Sobre nosotras&#8221;<\/span><\/a><\/p>\n","protected":false},"author":1,"featured_media":0,"parent":0,"menu_order":0,"comment_status":"closed","ping_status":"closed","template":"","meta":{"inspiro_hide_title":false,"inspiro_hide_featured_image":false,"footnotes":""},"class_list":["post-7878","page","type-page","status-publish","hentry"],"featured_media_urls":[],"_links":{"self":[{"href":"https:\/\/saviastudio.com\/index.php?rest_route=\/wp\/v2\/pages\/7878","targetHints":{"allow":["GET"]}}],"collection":[{"href":"https:\/\/saviastudio.com\/index.php?rest_route=\/wp\/v2\/pages"}],"about":[{"href":"https:\/\/saviastudio.com\/index.php?rest_route=\/wp\/v2\/types\/page"}],"author":[{"embeddable":true,"href":"https:\/\/saviastudio.com\/index.php?rest_route=\/wp\/v2\/users\/1"}],"replies":[{"embeddable":true,"href":"https:\/\/saviastudio.com\/index.php?rest_route=%2Fwp%2Fv2%2Fcomments&post=7878"}],"version-history":[{"count":5,"href":"https:\/\/saviastudio.com\/index.php?rest_route=\/wp\/v2\/pages\/7878\/revisions"}],"predecessor-version":[{"id":7887,"href":"https:\/\/saviastudio.com\/index.php?rest_route=\/wp\/v2\/pages\/7878\/revisions\/7887"}],"wp:attachment":[{"href":"https:\/\/saviastudio.com\/index.php?rest_route=%2Fwp%2Fv2%2Fmedia&parent=7878"}],"curies":[{"name":"wp","href":"https:\/\/api.w.org\/{rel}","templated":true}]}}

<div class="wp-block-columns is-layout-flex wp-container-core-columns-is-layout-0e47273b wp-block-columns-is-layout-flex">
<div class="wp-block-column is-layout-flow wp-block-column-is-layout-flow">
<figure class="wp-block-image size-full is-resized"><img fetchpriority="high" decoding="async" width="1280" height="1920" src="https://saviastudio.com/wp-content/uploads/2025/06/savia-studio-architects-barcelona-portrait-mediterranean-architecture.jpg" alt="Portrait of Savia Studio architects in Barcelona, designing contextual housing for expats and local communities" class="wp-image-7028" style="width:552px;height:auto" srcset="https://saviastudio.com/wp-content/uploads/2025/06/savia-studio-architects-barcelona-portrait-mediterranean-architecture.jpg 1280w, https://saviastudio.com/wp-content/uploads/2025/06/savia-studio-architects-barcelona-portrait-mediterranean-architecture-200x300.jpg 200w, https://saviastudio.com/wp-content/uploads/2025/06/savia-studio-architects-barcelona-portrait-mediterranean-architecture-683x1024.jpg 683w, https://saviastudio.com/wp-content/uploads/2025/06/savia-studio-architects-barcelona-portrait-mediterranean-architecture-8x12.jpg 8w" sizes="(max-width: 1280px) 100vw, 1280px" /></figure>
</div>



<div class="wp-block-column is-layout-flow wp-block-column-is-layout-flow">
<h2 class="wp-block-heading">Raíces sólidas, tranquilidad.</h2>



<p class="wp-block-paragraph">Mudarse a un nuevo país es mucho más que cambiar de dirección: es dar un salto hacia lo desconocido. En SAVIA somos arquitectas de espacios, pero también de nuevos comienzos. Te acompañamos desde el principio: a encontrar el lugar adecuado, desenvolverte en los sistemas locales y crear un hogar o un negocio que sientas realmente tuyo. Nosotras también hicimos de Barcelona nuestro hogar; conocemos el camino y hemos creado un estudio que acompaña el tuyo con cercanía, claridad y creatividad. Porque echar raíces no consiste solo en construir edificios, sino en encontrar tu lugar.</p>
</div>
</div>



<div style="height:38px" aria-hidden="true" class="wp-block-spacer"></div>



<div class="wp-block-group has-global-padding is-layout-constrained wp-block-group-is-layout-constrained">
<div class="wp-block-group has-global-padding is-layout-constrained wp-block-group-is-layout-constrained">
<h2 class="wp-block-heading">En SAVIA te ayudamos a echar raíces</h2>



<div class="wp-block-columns is-layout-flex wp-container-core-columns-is-layout-0e47273b wp-block-columns-is-layout-flex">
<div class="wp-block-column is-vertically-aligned-stretch is-layout-flow wp-block-column-is-layout-flow">
<h4 class="wp-block-heading"><strong>Nosotras también hemos hecho de Barcelona nuestro hogar.</strong></h4>



<p class="wp-block-paragraph">No somos solo arquitectas. Somos extranjeras que hemos hecho de Catalunya nuestro hogar y hemos ayudado a muchas otras personas a hacer lo mismo. Con años de experiencia internacional y una historia que se parece a la tuya, conocemos el terreno y hablamos tu idioma.</p>
</div>



<div class="wp-block-column is-vertically-aligned-stretch is-layout-flow wp-block-column-is-layout-flow">
<h4 class="wp-block-heading"><strong>Arraigadas al lugar. Conectadas con </strong> <strong>las  personas.</strong></h4>



<p class="wp-block-paragraph">Hemos creado una red de confianza de profesionales locales —desde abogados y agentes inmobiliarios hasta artesanos y asesores— para que no tengas que desenvolverte por tu cuenta. Te conectamos con las personas adecuadas, en el momento adecuado, para todo lo que necesites.</p>
</div>



<div class="wp-block-column is-vertically-aligned-stretch is-layout-flow wp-block-column-is-layout-flow">
<h4 class="wp-block-heading">Una arquitecta que habla tu idioma.</h4>



<p class="wp-block-paragraph">Con SAVIA no solo contratas a una arquitecta; ganas una compañera que entiende, escucha y te acompaña en cada paso del camino. Una persona que habla tu idioma, tanto literal como metafóricamente. Como una amiga, pero con años de experiencia en arquitectura.</p>
</div>
</div>
</div>
</div>



<div class="wp-block-group has-global-padding is-layout-constrained wp-block-group-is-layout-constrained">
<div class="wp-block-group has-global-padding is-layout-constrained wp-block-group-is-layout-constrained">
<div style="height:33px" aria-hidden="true" class="wp-block-spacer"></div>



<h2 class="wp-block-heading">Esencia</h2>



<h4 class="wp-block-heading"><strong>Naturaleza local, cultura local.</strong></h4>



<p class="wp-block-paragraph">For us, architecture means respecting what came before and building for what comes next. We believe in sustainability, thoughtful design, and creating spaces that are not only beautiful—but in harmony with the environment and local culture.</p>



<div style="height:33px" aria-hidden="true" class="wp-block-spacer"></div>



<div class="wp-block-group has-global-padding is-layout-constrained wp-block-group-is-layout-constrained">
<div class="wp-block-group has-global-padding is-layout-constrained wp-block-group-is-layout-constrained">
<h2 class="wp-block-heading">Quiénes somos</h2>



<div class="wp-block-columns is-layout-flex wp-container-core-columns-is-layout-0e47273b wp-block-columns-is-layout-flex">
<div class="wp-block-column is-layout-flow wp-block-column-is-layout-flow">
<div class="wp-block-media-text has-media-on-the-right is-stacked-on-mobile is-vertically-aligned-bottom"><div class="wp-block-media-text__content">
<p class="has-text-align-right wp-block-paragraph"><strong>Sara Calvo de Castro</strong></p>



<p class="has-text-align-right wp-block-paragraph">Graduada por la Escuela Técnica Superior de Arquitectura de Valladolid, cuenta con más de 12 años de experiencia. Como responsable de equipo, ha liderado el diseño y desarrollo de proyectos de arquitectura de diferentes escalas, desde viviendas hasta edificios de oficinas y otras tipologías.</p>
</div><figure class="wp-block-media-text__media"><img decoding="async" width="683" height="1024" src="https://saviastudio.com/wp-content/uploads/2025/06/savia-studio-architect-barcelona-sara-calvo-683x1024.jpg" alt="Portrait of Savia Studio architects in Barcelona, designing houses and business for expats and local communities, english-speaking, renovation, interior architect, building permit" class="wp-image-7027 size-full" srcset="https://saviastudio.com/wp-content/uploads/2025/06/savia-studio-architect-barcelona-sara-calvo-683x1024.jpg 683w, https://saviastudio.com/wp-content/uploads/2025/06/savia-studio-architect-barcelona-sara-calvo-200x300.jpg 200w, https://saviastudio.com/wp-content/uploads/2025/06/savia-studio-architect-barcelona-sara-calvo-8x12.jpg 8w, https://saviastudio.com/wp-content/uploads/2025/06/savia-studio-architect-barcelona-sara-calvo.jpg 1128w" sizes="(max-width: 683px) 100vw, 683px" /></figure></div>
</div>



<div class="wp-block-column is-layout-flow wp-block-column-is-layout-flow">
<div class="wp-block-media-text is-stacked-on-mobile is-vertically-aligned-bottom"><figure class="wp-block-media-text__media"><img decoding="async" width="683" height="1024" src="https://saviastudio.com/wp-content/uploads/2025/06/savia-studio-architect-barcelona-gaia-barbieri-683x1024.jpg" alt="Portrait of Savia Studio architects in Barcelona, designing houses and business for expats and local communities, english-speaking, renovation, interior architect, building permit" class="wp-image-7026 size-full" srcset="https://saviastudio.com/wp-content/uploads/2025/06/savia-studio-architect-barcelona-gaia-barbieri-683x1024.jpg 683w, https://saviastudio.com/wp-content/uploads/2025/06/savia-studio-architect-barcelona-gaia-barbieri-200x300.jpg 200w, https://saviastudio.com/wp-content/uploads/2025/06/savia-studio-architect-barcelona-gaia-barbieri-8x12.jpg 8w, https://saviastudio.com/wp-content/uploads/2025/06/savia-studio-architect-barcelona-gaia-barbieri.jpg 1280w" sizes="(max-width: 683px) 100vw, 683px" /></figure><div class="wp-block-media-text__content">
<p class="wp-block-paragraph"><strong>Gaia Barbieri</strong></p>



<p class="wp-block-paragraph">Graduada por la Università degli Studi di Ferrara, combina una década de experiencia en arquitectura con un posgrado en Rehabilitación de Edificios por el Col·legi d’Arquitectes de Catalunya. Apasionada por el interiorismo, aporta una especial sensibilidad hacia los materiales, el color y las texturas, transformando espacios neutros en lugares donde realmente apetece estar.</p>
</div></div>
</div>
</div>



<div class="wp-block-group has-global-padding is-layout-constrained wp-block-group-is-layout-constrained">
<div class="wp-block-columns is-layout-flex wp-container-core-columns-is-layout-0e47273b wp-block-columns-is-layout-flex">
<div class="wp-block-column is-layout-flow wp-block-column-is-layout-flow"></div>



<div class="wp-block-column is-layout-flow wp-block-column-is-layout-flow"></div>
</div>
</div>
</div>
</div>



<div style="height:30px" aria-hidden="true" class="wp-block-spacer"></div>



<h2 class="wp-block-heading has-text-align-center">Hemos estado en tu lugar.</h2>
</div>



<p class="has-text-align-center wp-block-paragraph">Entendemos realmente lo que supone no solo diseñar un espacio bonito, sino recorrer todo el proceso de establecerse en un nuevo lugar. Por eso te acompañamos desde el primer día, ayudándote a encontrar la propiedad adecuada, gestionar la burocracia y superar cada uno de los retos que implica hacer de Barcelona tu hogar o tu lugar de trabajo.</p>



<div style="height:30px" aria-hidden="true" class="wp-block-spacer"></div>



<h3 class="wp-block-heading has-text-align-center">Estás empezando un proyecto?</h3>



<div class="wp-block-buttons is-content-justification-center is-layout-flex wp-container-core-buttons-is-layout-d61d70aa wp-block-buttons-is-layout-flex">
<div class="wp-block-button is-style-outline is-style-outline--1"><a class="wp-block-button__link wp-element-button" href="https://saviastudio.com/?page_id=7866">VAMOS A CONOCERNOS</a></div>
</div>



<p class="wp-block-paragraph"></p>
</div>



<p class="wp-block-paragraph"></p>

<p>Raíces sólidas, tranquilidad. Mudarse a un nuevo país es mucho más que cambiar de dirección: es dar un salto hacia lo desconocido. En SAVIA somos arquitectas de espacios, pero también de nuevos comienzos. Te acompañamos desde el principio: a encontrar el lugar adecuado, desenvolverte en los sistemas locales y crear un hogar o un negocio &hellip; </p>
<p class="link-more"><a href="https://saviastudio.com/?page_id=7878" class="more-link">Read more<span class="screen-reader-text"> &#8220;Sobre nosotras&#8221;</span></a></p>
