{"id":7978,"date":"2026-09-02T16:02:25","date_gmt":"2026-09-02T14:02:25","guid":{"rendered":"https:\/\/saviastudio.com\/?post_type=portfolio_item&#038;p=7978"},"modified":"2026-09-02T16:02:25","modified_gmt":"2026-09-02T14:02:25","slug":"terracota-house-2","status":"publish","type":"portfolio_item","link":"https:\/\/saviastudio.com\/?portfolio_item=terracota-house-2","title":{"rendered":"Terracota House"},"content":{"rendered":"\n<h3 class=\"wp-block-heading\"><strong><mark style=\"background-color:rgba(0, 0, 0, 0);color:#aa431d\" class=\"has-inline-color\"><em><em>Home, let me come home.<\/em><\/em>&nbsp;<\/mark><\/strong><\/h3>\n\n\n\n<figure class=\"wp-block-image aligncenter size-full is-resized is-style-default\"><img fetchpriority=\"high\" decoding=\"async\" width=\"1024\" height=\"1024\" src=\"https:\/\/saviastudio.com\/wp-content\/uploads\/2025\/10\/fachada.png\" alt=\"\" class=\"wp-image-7312\" style=\"width:1024px;height:auto\" srcset=\"https:\/\/saviastudio.com\/wp-content\/uploads\/2025\/10\/fachada.png 1024w, https:\/\/saviastudio.com\/wp-content\/uploads\/2025\/10\/fachada-300x300.png 300w, https:\/\/saviastudio.com\/wp-content\/uploads\/2025\/10\/fachada-150x150.png 150w, https:\/\/saviastudio.com\/wp-content\/uploads\/2025\/10\/fachada-12x12.png 12w, https:\/\/saviastudio.com\/wp-content\/uploads\/2025\/10\/fachada-600x600.png 600w, https:\/\/saviastudio.com\/wp-content\/uploads\/2025\/10\/fachada-800x800.png 800w\" sizes=\"(max-width: 1024px) 100vw, 1024px\" \/><\/figure>\n\n\n\n<p class=\"wp-block-paragraph\">Un promotor inmobiliario con el que colaboramos habitualmente nos encarg\u00f3 el dise\u00f1o de una vivienda unifamiliar aislada en una parcela destinada a una residencia de 150 m\u00b2.\u00a0<\/p>\n\n\n\n<p class=\"wp-block-paragraph\">M\u00e1s all\u00e1 de la est\u00e9tica, el dise\u00f1o se fundamenta en la eficiencia energ\u00e9tica y en la adaptaci\u00f3n al clima. Los muros de gran inercia t\u00e9rmica ayudan a regular de forma natural la temperatura interior, mientras que la orientaci\u00f3n se ha estudiado cuidadosamente para aprovechar al m\u00e1ximo la luz solar y las brisas predominantes.<\/p>\n\n\n\n<p class=\"wp-block-paragraph\">Los sistemas de protecci\u00f3n solar pasiva y las p\u00e9rgolas trabajan en armon\u00eda con las estaciones, reduciendo la necesidad de refrigeraci\u00f3n artificial. Una vivienda concebida no solo como refugio, sino como un espacio \u00edntimo y c\u00e1lido que dialoga con su entorno, donde materialidad, clima y confort encuentran un equilibrio.<\/p>\n\n\n\n<div class=\"wp-block-group is-nowrap is-layout-flex wp-container-core-group-is-layout-0e47273b wp-block-group-is-layout-flex\">\n<div style=\"height:0px\" aria-hidden=\"true\" class=\"wp-block-spacer wp-container-content-6388d5dc\"><\/div>\n<\/div>\n\n\n\n<div class=\"wp-block-media-text is-stacked-on-mobile\"><figure class=\"wp-block-media-text__media\"><img decoding=\"async\" width=\"1024\" height=\"1024\" src=\"https:\/\/saviastudio.com\/wp-content\/uploads\/2025\/10\/salon.png\" alt=\"\" class=\"wp-image-7316 size-full\" srcset=\"https:\/\/saviastudio.com\/wp-content\/uploads\/2025\/10\/salon.png 1024w, https:\/\/saviastudio.com\/wp-content\/uploads\/2025\/10\/salon-300x300.png 300w, https:\/\/saviastudio.com\/wp-content\/uploads\/2025\/10\/salon-150x150.png 150w\" sizes=\"(max-width: 1024px) 100vw, 1024px\" \/><\/figure><div class=\"wp-block-media-text__content\">\n<p class=\"wp-block-paragraph\">La propuesta abraza una sensibilidad mediterr\u00e1nea, expresada a trav\u00e9s de tonos c\u00e1lidos y terrosos \u2014colores terracota, madera natural y piedra texturizada\u2014 que crean una atm\u00f3sfera atemporal, serena y acogedora.<\/p>\n<\/div><\/div>\n\n\n\n<div class=\"wp-block-group is-nowrap is-layout-flex wp-container-core-group-is-layout-0e47273b wp-block-group-is-layout-flex\">\n<div style=\"height:0px\" aria-hidden=\"true\" class=\"wp-block-spacer wp-container-content-6388d5dc\"><\/div>\n<\/div>\n\n\n\n<div class=\"wp-block-media-text is-stacked-on-mobile\"><figure class=\"wp-block-media-text__media\"><img decoding=\"async\" width=\"1024\" height=\"1024\" src=\"https:\/\/saviastudio.com\/wp-content\/uploads\/2025\/10\/cocina_terracota.png\" alt=\"\" class=\"wp-image-7317 size-full\" srcset=\"https:\/\/saviastudio.com\/wp-content\/uploads\/2025\/10\/cocina_terracota.png 1024w, https:\/\/saviastudio.com\/wp-content\/uploads\/2025\/10\/cocina_terracota-300x300.png 300w, https:\/\/saviastudio.com\/wp-content\/uploads\/2025\/10\/cocina_terracota-150x150.png 150w\" sizes=\"(max-width: 1024px) 100vw, 1024px\" \/><\/figure><div class=\"wp-block-media-text__content\">\n<p class=\"wp-block-paragraph\">En la cocina, la luz mediterr\u00e1nea se convierte en parte del dise\u00f1o. Los muebles en tonos terracota y el pavimento de roble natural crean una paleta c\u00e1lida y atemporal que conecta el interior con el paisaje. L\u00edneas limpias, almacenamiento integrado y acabados cuidadosamente seleccionados reflejan nuestra manera de entender la arquitectura mediterr\u00e1nea contempor\u00e1nea: un equilibrio natural entre funci\u00f3n, confort y atm\u00f3sfera.<\/p>\n<\/div><\/div>\n\n\n\n<div class=\"wp-block-group is-nowrap is-layout-flex wp-container-core-group-is-layout-0e47273b wp-block-group-is-layout-flex\">\n<div style=\"height:0px\" aria-hidden=\"true\" class=\"wp-block-spacer wp-container-content-6388d5dc\"><\/div>\n<\/div>\n\n\n\n<div class=\"wp-block-columns is-layout-flex wp-container-core-columns-is-layout-0e47273b wp-block-columns-is-layout-flex\">\n<div class=\"wp-block-column is-layout-flow wp-block-column-is-layout-flow\">\n<figure class=\"wp-block-image size-full\"><img loading=\"lazy\" decoding=\"async\" width=\"1024\" height=\"1024\" src=\"https:\/\/saviastudio.com\/wp-content\/uploads\/2025\/10\/dormitorio-2-1.png\" alt=\"\" class=\"wp-image-7322\" srcset=\"https:\/\/saviastudio.com\/wp-content\/uploads\/2025\/10\/dormitorio-2-1.png 1024w, https:\/\/saviastudio.com\/wp-content\/uploads\/2025\/10\/dormitorio-2-1-300x300.png 300w, https:\/\/saviastudio.com\/wp-content\/uploads\/2025\/10\/dormitorio-2-1-150x150.png 150w\" sizes=\"(max-width: 1024px) 100vw, 1024px\" \/><\/figure>\n<\/div>\n\n\n\n<div class=\"wp-block-column is-layout-flow wp-block-column-is-layout-flow\">\n<figure class=\"wp-block-image size-full\"><img loading=\"lazy\" decoding=\"async\" width=\"948\" height=\"948\" src=\"https:\/\/saviastudio.com\/wp-content\/uploads\/2025\/10\/dormitorio-1-1.jpg\" alt=\"\" class=\"wp-image-7323\" srcset=\"https:\/\/saviastudio.com\/wp-content\/uploads\/2025\/10\/dormitorio-1-1.jpg 948w, https:\/\/saviastudio.com\/wp-content\/uploads\/2025\/10\/dormitorio-1-1-300x300.jpg 300w, https:\/\/saviastudio.com\/wp-content\/uploads\/2025\/10\/dormitorio-1-1-150x150.jpg 150w\" sizes=\"(max-width: 948px) 100vw, 948px\" \/><\/figure>\n<\/div>\n<\/div>\n\n\n\n<div class=\"wp-block-group is-nowrap is-layout-flex wp-container-core-group-is-layout-0e47273b wp-block-group-is-layout-flex\">\n<div style=\"height:0px\" aria-hidden=\"true\" class=\"wp-block-spacer wp-container-content-6388d5dc\"><\/div>\n<\/div>\n\n\n\n<div class=\"wp-block-media-text is-stacked-on-mobile\"><figure class=\"wp-block-media-text__media\"><img loading=\"lazy\" decoding=\"async\" width=\"948\" height=\"947\" src=\"https:\/\/saviastudio.com\/wp-content\/uploads\/2025\/10\/bano_terracota-1.jpg\" alt=\"\" class=\"wp-image-7319 size-full\" srcset=\"https:\/\/saviastudio.com\/wp-content\/uploads\/2025\/10\/bano_terracota-1.jpg 948w, https:\/\/saviastudio.com\/wp-content\/uploads\/2025\/10\/bano_terracota-1-300x300.jpg 300w, https:\/\/saviastudio.com\/wp-content\/uploads\/2025\/10\/bano_terracota-1-150x150.jpg 150w\" sizes=\"(max-width: 948px) 100vw, 948px\" \/><\/figure><div class=\"wp-block-media-text__content\">\n<p class=\"wp-block-paragraph\">En el ba\u00f1o, los tonos c\u00e1lidos y terrosos crean una atm\u00f3sfera serena y equilibrada. Los colores lacados se realizaron a medida para garantizar una completa coherencia con el conjunto del proyecto, mientras que cada pieza de mobiliario fue seleccionada tras una b\u00fasqueda minuciosa, priorizando la calidad y las l\u00edneas depuradas. El resultado es un espacio sereno, elegante y atemporal.<\/p>\n<\/div><\/div>\n\n\n\n<p class=\"wp-block-paragraph\"><\/p>\n","protected":false},"excerpt":{"rendered":"<p>Home, let me come home.&nbsp; Un promotor inmobiliario con el que colaboramos habitualmente nos encarg\u00f3 el dise\u00f1o de una vivienda unifamiliar aislada en una parcela destinada a una residencia de 150 m\u00b2.\u00a0 M\u00e1s all\u00e1 de la est\u00e9tica, el dise\u00f1o se fundamenta en la eficiencia energ\u00e9tica y en la adaptaci\u00f3n al clima. Los muros de gran &hellip; <\/p>\n<p class=\"link-more\"><a href=\"https:\/\/saviastudio.com\/?portfolio_item=terracota-house-2\" class=\"more-link\">Read more<span class=\"screen-reader-text\"> &#8220;Terracota House&#8221;<\/span><\/a><\/p>\n","protected":false},"author":1,"featured_media":7312,"parent":0,"template":"","meta":{"_wpzb_portfolio_video_type":"","_wpzb_portfolio_video_id":0,"_wpzb_portfolio_video_url":"","footnotes":""},"portfolio":[174],"class_list":["post-7978","portfolio_item","type-portfolio_item","status-publish","has-post-thumbnail","hentry","portfolio-residencial"],"featured_media_urls":{"thumbnail":["https:\/\/saviastudio.com\/wp-content\/uploads\/2025\/10\/fachada-150x150.png",150,150,true],"medium":["https:\/\/saviastudio.com\/wp-content\/uploads\/2025\/10\/fachada-300x300.png",300,300,true],"medium_large":["https:\/\/saviastudio.com\/wp-content\/uploads\/2025\/10\/fachada.png",768,768,false],"large":["https:\/\/saviastudio.com\/wp-content\/uploads\/2025\/10\/fachada.png",950,950,false],"1536x1536":["https:\/\/saviastudio.com\/wp-content\/uploads\/2025\/10\/fachada.png",1024,1024,false],"2048x2048":["https:\/\/saviastudio.com\/wp-content\/uploads\/2025\/10\/fachada.png",1024,1024,false],"inspiro-featured-image":["https:\/\/saviastudio.com\/wp-content\/uploads\/2025\/10\/fachada.png",1024,1024,false],"inspiro-loop":["https:\/\/saviastudio.com\/wp-content\/uploads\/2025\/10\/fachada-950x320.png",950,320,true],"inspiro-loop@2x":["https:\/\/saviastudio.com\/wp-content\/uploads\/2025\/10\/fachada-1024x640.png",1024,640,true],"portfolio_item-thumbnail":["https:\/\/saviastudio.com\/wp-content\/uploads\/2025\/10\/fachada-600x400.png",600,400,true],"portfolio_item-thumbnail@2x":["https:\/\/saviastudio.com\/wp-content\/uploads\/2025\/10\/fachada-1024x800.png",1024,800,true],"portfolio_item-masonry":["https:\/\/saviastudio.com\/wp-content\/uploads\/2025\/10\/fachada-600x600.png",600,600,true],"portfolio_item-masonry@2x":["https:\/\/saviastudio.com\/wp-content\/uploads\/2025\/10\/fachada.png",1024,1024,false],"portfolio_item-thumbnail_cinema":["https:\/\/saviastudio.com\/wp-content\/uploads\/2025\/10\/fachada-800x335.png",800,335,true],"portfolio_item-thumbnail_portrait":["https:\/\/saviastudio.com\/wp-content\/uploads\/2025\/10\/fachada-600x900.png",600,900,true],"portfolio_item-thumbnail_portrait@2x":["https:\/\/saviastudio.com\/wp-content\/uploads\/2025\/10\/fachada.png",1024,1024,false],"portfolio_item-thumbnail_square":["https:\/\/saviastudio.com\/wp-content\/uploads\/2025\/10\/fachada-800x800.png",800,800,true]},"_links":{"self":[{"href":"https:\/\/saviastudio.com\/index.php?rest_route=\/wp\/v2\/portfolio_item\/7978","targetHints":{"allow":["GET"]}}],"collection":[{"href":"https:\/\/saviastudio.com\/index.php?rest_route=\/wp\/v2\/portfolio_item"}],"about":[{"href":"https:\/\/saviastudio.com\/index.php?rest_route=\/wp\/v2\/types\/portfolio_item"}],"author":[{"embeddable":true,"href":"https:\/\/saviastudio.com\/index.php?rest_route=\/wp\/v2\/users\/1"}],"version-history":[{"count":4,"href":"https:\/\/saviastudio.com\/index.php?rest_route=\/wp\/v2\/portfolio_item\/7978\/revisions"}],"predecessor-version":[{"id":7992,"href":"https:\/\/saviastudio.com\/index.php?rest_route=\/wp\/v2\/portfolio_item\/7978\/revisions\/7992"}],"wp:featuredmedia":[{"embeddable":true,"href":"https:\/\/saviastudio.com\/index.php?rest_route=\/wp\/v2\/media\/7312"}],"wp:attachment":[{"href":"https:\/\/saviastudio.com\/index.php?rest_route=%2Fwp%2Fv2%2Fmedia&parent=7978"}],"wp:term":[{"taxonomy":"portfolio","embeddable":true,"href":"https:\/\/saviastudio.com\/index.php?rest_route=%2Fwp%2Fv2%2Fportfolio&post=7978"}],"curies":[{"name":"wp","href":"https:\/\/api.w.org\/{rel}","templated":true}]}}

<h3 class="wp-block-heading"><strong><mark style="background-color:rgba(0, 0, 0, 0);color:#aa431d" class="has-inline-color"><em><em>Home, let me come home.</em></em>&nbsp;</mark></strong></h3>



<figure class="wp-block-image aligncenter size-full is-resized is-style-default"><img fetchpriority="high" decoding="async" width="1024" height="1024" src="https://saviastudio.com/wp-content/uploads/2025/10/fachada.png" alt="" class="wp-image-7312" style="width:1024px;height:auto" srcset="https://saviastudio.com/wp-content/uploads/2025/10/fachada.png 1024w, https://saviastudio.com/wp-content/uploads/2025/10/fachada-300x300.png 300w, https://saviastudio.com/wp-content/uploads/2025/10/fachada-150x150.png 150w, https://saviastudio.com/wp-content/uploads/2025/10/fachada-12x12.png 12w, https://saviastudio.com/wp-content/uploads/2025/10/fachada-600x600.png 600w, https://saviastudio.com/wp-content/uploads/2025/10/fachada-800x800.png 800w" sizes="(max-width: 1024px) 100vw, 1024px" /></figure>



<p class="wp-block-paragraph">Un promotor inmobiliario con el que colaboramos habitualmente nos encargó el diseño de una vivienda unifamiliar aislada en una parcela destinada a una residencia de 150 m². </p>



<p class="wp-block-paragraph">Más allá de la estética, el diseño se fundamenta en la eficiencia energética y en la adaptación al clima. Los muros de gran inercia térmica ayudan a regular de forma natural la temperatura interior, mientras que la orientación se ha estudiado cuidadosamente para aprovechar al máximo la luz solar y las brisas predominantes.</p>



<p class="wp-block-paragraph">Los sistemas de protección solar pasiva y las pérgolas trabajan en armonía con las estaciones, reduciendo la necesidad de refrigeración artificial. Una vivienda concebida no solo como refugio, sino como un espacio íntimo y cálido que dialoga con su entorno, donde materialidad, clima y confort encuentran un equilibrio.</p>



<div class="wp-block-group is-nowrap is-layout-flex wp-container-core-group-is-layout-0e47273b wp-block-group-is-layout-flex">
<div style="height:0px" aria-hidden="true" class="wp-block-spacer wp-container-content-6388d5dc"></div>
</div>



<div class="wp-block-media-text is-stacked-on-mobile"><figure class="wp-block-media-text__media"><img decoding="async" width="1024" height="1024" src="https://saviastudio.com/wp-content/uploads/2025/10/salon.png" alt="" class="wp-image-7316 size-full" srcset="https://saviastudio.com/wp-content/uploads/2025/10/salon.png 1024w, https://saviastudio.com/wp-content/uploads/2025/10/salon-300x300.png 300w, https://saviastudio.com/wp-content/uploads/2025/10/salon-150x150.png 150w" sizes="(max-width: 1024px) 100vw, 1024px" /></figure><div class="wp-block-media-text__content">
<p class="wp-block-paragraph">La propuesta abraza una sensibilidad mediterránea, expresada a través de tonos cálidos y terrosos —colores terracota, madera natural y piedra texturizada— que crean una atmósfera atemporal, serena y acogedora.</p>
</div></div>



<div class="wp-block-group is-nowrap is-layout-flex wp-container-core-group-is-layout-0e47273b wp-block-group-is-layout-flex">
<div style="height:0px" aria-hidden="true" class="wp-block-spacer wp-container-content-6388d5dc"></div>
</div>



<div class="wp-block-media-text is-stacked-on-mobile"><figure class="wp-block-media-text__media"><img decoding="async" width="1024" height="1024" src="https://saviastudio.com/wp-content/uploads/2025/10/cocina_terracota.png" alt="" class="wp-image-7317 size-full" srcset="https://saviastudio.com/wp-content/uploads/2025/10/cocina_terracota.png 1024w, https://saviastudio.com/wp-content/uploads/2025/10/cocina_terracota-300x300.png 300w, https://saviastudio.com/wp-content/uploads/2025/10/cocina_terracota-150x150.png 150w" sizes="(max-width: 1024px) 100vw, 1024px" /></figure><div class="wp-block-media-text__content">
<p class="wp-block-paragraph">En la cocina, la luz mediterránea se convierte en parte del diseño. Los muebles en tonos terracota y el pavimento de roble natural crean una paleta cálida y atemporal que conecta el interior con el paisaje. Líneas limpias, almacenamiento integrado y acabados cuidadosamente seleccionados reflejan nuestra manera de entender la arquitectura mediterránea contemporánea: un equilibrio natural entre función, confort y atmósfera.</p>
</div></div>



<div class="wp-block-group is-nowrap is-layout-flex wp-container-core-group-is-layout-0e47273b wp-block-group-is-layout-flex">
<div style="height:0px" aria-hidden="true" class="wp-block-spacer wp-container-content-6388d5dc"></div>
</div>



<div class="wp-block-columns is-layout-flex wp-container-core-columns-is-layout-0e47273b wp-block-columns-is-layout-flex">
<div class="wp-block-column is-layout-flow wp-block-column-is-layout-flow">
<figure class="wp-block-image size-full"><img loading="lazy" decoding="async" width="1024" height="1024" src="https://saviastudio.com/wp-content/uploads/2025/10/dormitorio-2-1.png" alt="" class="wp-image-7322" srcset="https://saviastudio.com/wp-content/uploads/2025/10/dormitorio-2-1.png 1024w, https://saviastudio.com/wp-content/uploads/2025/10/dormitorio-2-1-300x300.png 300w, https://saviastudio.com/wp-content/uploads/2025/10/dormitorio-2-1-150x150.png 150w" sizes="(max-width: 1024px) 100vw, 1024px" /></figure>
</div>



<div class="wp-block-column is-layout-flow wp-block-column-is-layout-flow">
<figure class="wp-block-image size-full"><img loading="lazy" decoding="async" width="948" height="948" src="https://saviastudio.com/wp-content/uploads/2025/10/dormitorio-1-1.jpg" alt="" class="wp-image-7323" srcset="https://saviastudio.com/wp-content/uploads/2025/10/dormitorio-1-1.jpg 948w, https://saviastudio.com/wp-content/uploads/2025/10/dormitorio-1-1-300x300.jpg 300w, https://saviastudio.com/wp-content/uploads/2025/10/dormitorio-1-1-150x150.jpg 150w" sizes="(max-width: 948px) 100vw, 948px" /></figure>
</div>
</div>



<div class="wp-block-group is-nowrap is-layout-flex wp-container-core-group-is-layout-0e47273b wp-block-group-is-layout-flex">
<div style="height:0px" aria-hidden="true" class="wp-block-spacer wp-container-content-6388d5dc"></div>
</div>



<div class="wp-block-media-text is-stacked-on-mobile"><figure class="wp-block-media-text__media"><img loading="lazy" decoding="async" width="948" height="947" src="https://saviastudio.com/wp-content/uploads/2025/10/bano_terracota-1.jpg" alt="" class="wp-image-7319 size-full" srcset="https://saviastudio.com/wp-content/uploads/2025/10/bano_terracota-1.jpg 948w, https://saviastudio.com/wp-content/uploads/2025/10/bano_terracota-1-300x300.jpg 300w, https://saviastudio.com/wp-content/uploads/2025/10/bano_terracota-1-150x150.jpg 150w" sizes="(max-width: 948px) 100vw, 948px" /></figure><div class="wp-block-media-text__content">
<p class="wp-block-paragraph">En el baño, los tonos cálidos y terrosos crean una atmósfera serena y equilibrada. Los colores lacados se realizaron a medida para garantizar una completa coherencia con el conjunto del proyecto, mientras que cada pieza de mobiliario fue seleccionada tras una búsqueda minuciosa, priorizando la calidad y las líneas depuradas. El resultado es un espacio sereno, elegante y atemporal.</p>
</div></div>



<p class="wp-block-paragraph"></p>

<p>Home, let me come home.&nbsp; Un promotor inmobiliario con el que colaboramos habitualmente nos encargó el diseño de una vivienda unifamiliar aislada en una parcela destinada a una residencia de 150 m².  Más allá de la estética, el diseño se fundamenta en la eficiencia energética y en la adaptación al clima. Los muros de gran &hellip; </p>
<p class="link-more"><a href="https://saviastudio.com/?portfolio_item=terracota-house-2" class="more-link">Read more<span class="screen-reader-text"> &#8220;Terracota House&#8221;</span></a></p>
